{"id":6687,"date":"2026-03-11T00:00:00","date_gmt":"2026-03-11T06:05:23","guid":{"rendered":"https:\/\/juventudes.mx\/?post_type=jovenes-en-el-mundo&#038;p=6687"},"modified":"2026-03-11T11:57:17","modified_gmt":"2026-03-11T17:57:17","slug":"el-emprendimiento-como-motor-de-transformacion-social-en-barranquilla","status":"publish","type":"jovenes-en-el-mundo","link":"https:\/\/juventudes.mx\/en\/jovenes-en-el-mundo\/el-emprendimiento-como-motor-de-transformacion-social-en-barranquilla\/","title":{"rendered":"El Emprendimiento como motor de Transformaci\u00f3n Social en Barranquilla"},"content":{"rendered":"<p style=\"text-align: right\"><strong>Por: Witney I. Bowie Patron<\/strong><\/p>\n<p style=\"text-align: right\"><strong>Miembro del Grupo Asesor de J\u00f3venes<\/strong><br \/><strong>GOYN Barranquilla<\/strong><\/p>\n<p>A eso del 2020 cuando escuchaba la palabra \u2018emprendimiento\u2019, ten\u00eda tantas ideas, pero todas me llevaban a relacionarlo con grandes empresarios, riqueza y \u00e9xito, lo llegu\u00e9 a ver como algo de dif\u00edcil acceso; en ese momento no dimensionaba que esa palabra pod\u00eda ser m\u00e1s de lo que imaginaba e incluso de lo que conoc\u00eda.<\/p>\n<p>En los \u00faltimos a\u00f1os el concepto de \u2018emprendimiento\u2019 ha tomado gran fuerza, siendo tema de inter\u00e9s en conversaciones tanto p\u00fablicas como privadas, pero para m\u00ed, parece que fue ayer que lo escuch\u00e9 por primera vez de manera formal en la primera clase de mi carrera de Administraci\u00f3n de Empresas.<\/p>\n<p>Puede sonar un poco ir\u00f3nico decir que en ese momento no ten\u00eda claro el concepto, sabiendo que estaba escogiendo una carrera donde ese es un foco, sin embargo, en ese momento no imaginaba que esa palabra que parec\u00eda ser tan simple de explicar en clase llegar\u00eda a ser un motor de transformaci\u00f3n en diferentes \u00e1mbitos, pero principalmente, un motor de transformaci\u00f3n social.<\/p>\n<p>Sumergirse en el mundo del emprendimiento no es tan f\u00e1cil como parece, no podemos hablar de algo que a\u00fan no entendemos. Me tom\u00f3 mucho tiempo entender el arte de emprender y c\u00f3mo este ejercicio estaba presente en la vida del ser humano desde sus inicios con modalidades como el trueque, es decir, que es una modalidad intr\u00ednseca a nuestra naturaleza porque siempre hemos sentido la necesidad de generar nuevas oportunidades.<\/p>\n<p>Me gu\u00edo mucho del pensamiento de lo cambiante e innovador que puede llegar a ser el ser humano, estas caracter\u00edsticas nos han permitido avanzar en modalidades que van desde el comercio antiguo, hasta lo que conocemos en la actualidad. A pesar de lo anterior, el concepto no fue tan claro para muchos y considero que ni siquiera para m\u00ed que he tratado de estudiarlo por mucho tiempo, es que precisamente el cambio y las ganas de no quedarnos en un solo punto nos permite seguir conociendo cosas acerca del ejercicio de emprender; he tenido la oportunidad de leer y apropiarme de diferentes conceptos, no obstante, existe uno en espec\u00edfico que considero que nos ayuda a construir una percepci\u00f3n clara muy relacionada con lo que podemos observar en la actualidad.<\/p>\n<p>Peter Drucker, en mis palabras puedo decir que fue un ser humano con una capacidad extraordinaria de transformar; cre\u00eda en las oportunidades, en el aprendizaje continuo y sobre todo, en la humanidad. \u00c9l sab\u00eda que el ser humano ten\u00eda un gran potencial, por eso sus pensamientos se centraban en que era este, el activo m\u00e1s valioso de cualquier organizaci\u00f3n. Drucker fue clave para la construcci\u00f3n de muchos conceptos acerca de la administraci\u00f3n y uno de ellos es el emprendimiento; seg\u00fan su percepci\u00f3n establecida en 1985, el emprendimiento es una herramienta, s\u00ed, como de construcci\u00f3n, porque es justo esta actividad la que nos permite construir oportunidades donde tal vez creemos que no existen. Peter Drucker nos comparti\u00f3 que el emprendimiento era m\u00e1s que la creaci\u00f3n de empresas, es un proceso donde el ser humano es capaz de generar cambios, combinaciones \u00fanicas que por supuesto, le otorgan un beneficio.<\/p>\n<p>Durante los \u00faltimos a\u00f1os he llegado a la conclusi\u00f3n de que tenemos dos formas de entender el ejercicio de emprender: investigando y conoci\u00e9ndolo. Esta \u00faltima ha sido mi favorita e indudablemente, la que ha sido capaz de ense\u00f1arme a ver esta actividad m\u00e1s all\u00e1 de la generaci\u00f3n de ingresos, sino c\u00f3mo un motor transformador de realidades, iniciando en primera instancia, por mi realidad, la que vivo d\u00eda a d\u00eda en mi ciudad.<\/p>\n<p>Soy orgullosamente Barranquillera de nacimiento, de esos rinconcitos de Colombia donde sientes felicidad infinita, donde la alegr\u00eda hace parte de cada persona, donde el cielo es de los m\u00e1s despejados y soleados que vas a conocer. Soy fiel creyente de esa frase \u201cBarranquilla, quien no te conoce te sue\u00f1a y quien te conoce no te olvida\u201d, aqu\u00ed nac\u00ed y he crecido y ha sido precisamente este lugar el que me ha permitido aprender todos los d\u00edas m\u00e1s. No pod\u00eda hablar de emprendimiento en el mundo o a nivel general si no sab\u00eda c\u00f3mo explicar c\u00f3mo este se daba en mi ciudad, es por ello, que durante los \u00faltimos a\u00f1os me centr\u00e9 mucho en conocer y reconocer la importancia de ese concepto que en su momento parec\u00eda ser el m\u00e1s simple de entender de mi carrera.<\/p>\n<p>En Barranquilla, tambi\u00e9n conocida como la Puerta de Oro de Colombia, confirm\u00e9 que el emprendimiento no es solo generar dinero o tener tu propia empresa; aqu\u00ed emprender es sin\u00f3nimo de resistencia, es transformar. Para el 2021, 5 a\u00f1os atr\u00e1s, seg\u00fan el DANE, m\u00e1s del 30% de la poblaci\u00f3n de la ciudad y su \u00e1rea metropolitana consum\u00eda menos de 3 comidas diarias; la pobreza segu\u00eda afectando a la ciudad y los \u00edndices crec\u00edan, a pesar de los continuos intentos por la superaci\u00f3n de este fen\u00f3meno multicausal. La pobreza espec\u00edficamente en nuestro contexto geogr\u00e1fico puede verse como un factor limitante del desarrollo de aspectos econ\u00f3micos, pol\u00edticos o sociales y por supuesto, condicionante de consecuencias como violencia, hurto, desnutrici\u00f3n y dem\u00e1s.<\/p>\n<p>Este fen\u00f3meno puede ser un impulso para generar recursos propios mediante el emprender, por lo que durante los \u00faltimos a\u00f1os he podido conocer historias donde el emprendimiento que nace en un barrio vulnerable, en una casa o en un colegio no es solo un negocio que genera dinero, es una oportunidad de transformaci\u00f3n social.<\/p>\n<p>M\u00e1s all\u00e1 de las cifras que se pueden generar, detr\u00e1s de ellas hay una persona, hay una oportunidad y hay una historia. En la ciudad hay una gran cantidad de casos de \u00e9xito, tuve la oportunidad de, en alg\u00fan momento, conocer la de Alejandro Rodr\u00edguez; \u00e9l inici\u00f3 vendiendo empanadas en la calle y hoy es due\u00f1o de \u00b4La Garosa\u00b4, un lugar donde sientes ese sabor de la costa en cada producto. Se han caracterizado por la venta de bu\u00f1uelos rellenos, un milo con un sabor \u00fanico y fritos t\u00edpicos de la ciudad, estoy segura de que el Alejandro de 17 a\u00f1os que empez\u00f3 con una receta de empanadas, no pens\u00f3 que a\u00f1os despu\u00e9s tendr\u00eda una franquicia que llevar\u00eda por diferentes rincones de la ciudad y as\u00ed, siendo referente de reactivaci\u00f3n econ\u00f3mica y social, generando m\u00e1s de 50 empleos.<\/p>\n<p>Asimismo, tuve la oportunidad de conocer a Osmairys Ramos y entrevistarla; es una chica que vio una oportunidad de negocio en la ciudad, que desde el inicio sab\u00eda que quer\u00eda generar impacto y hoy, resalta la belleza de la mujer colombiana con sus diademas hechas a mano y por mujeres, resaltando as\u00ed su talento para crear piezas \u00fanicas, las cuales te acompa\u00f1an a momentos de tu vida diaria como ir al trabajo, hasta momentos inolvidables como tu boda.<\/p>\n<p>Aunque parezca que todo termina aqu\u00ed, no es as\u00ed; este ejercicio lo he vivido m\u00e1s de cerca en una comunidad vulnerable conocida como Isla Salamanca la cual junto con la ONG \u2018Techo Colombia\u2019 realizamos una feria llamada \u201cSabores del R\u00edo\u201d, la cual permite dar a conocer esos emprendimientos que aportan valor y son creados base en oportunidades.<\/p>\n<p>En muchos sectores de la ciudad el empleo formal no siempre es una opci\u00f3n inmediata y ante la necesidad, el emprendimiento s\u00ed puede serlo y es ah\u00ed donde observamos que cuando alguien logra crecer bajo ese contexto que es vulnerable, se rompe una narrativa y nos confirma que el origen de las cosas no determina el destino de estas.<\/p>\n<p>Siempre he pensado que en esta parte de Colombia hay una chispa, hay ganas y sobre todo pasi\u00f3n; somos ese tipo de poblaci\u00f3n que busca oportunidad donde tal vez no las haya (o eso pareciera). En Barranquilla el verdadero impacto ocurre cuando una madre cabeza de hogar transforma su hogar en una cocina productiva, cuando un grupo comunitario organiza ferias para visibilizar talento, aqu\u00ed no solo vemos al emprendimiento como sin\u00f3nimo de riqueza, lo podemos ver como una transformaci\u00f3n social tangible.<\/p>\n<p>Hoy d\u00eda puedo decir que los j\u00f3venes ya no solo buscan empleo, buscan impacto y lo menciono como una joven que busca conseguirlo d\u00eda a d\u00eda. He podido observar a universidades, colectivos y programas que impulsan espacios donde el emprender se vuelve un liderazgo social; esto lo podemos ver en iniciativas como \u2018Emprende As\u00ed\u2019 de GOYN Barranquilla, \u2018Emprende Mujer\u2019 de Grupo Argos, los programas de formaci\u00f3n y de inversi\u00f3n de otras empresas, de la alcald\u00eda y de la gobernaci\u00f3n.<\/p>\n<p>Esto de emprender dej\u00f3 de ser un simple ejercicio, hoy d\u00eda la ciudad se enfoca en empoderar a comunidades vulnerables, mujeres, hombres y j\u00f3venes; en los \u00faltimos a\u00f1os se han construido programas que le aportan esa semilla al \u00e1rbol de la transformaci\u00f3n, tales como \u2018Mujeres de Villa San Pablo\u2019, un proyecto de 60 mujeres que se cre\u00f3 para fortalecer unidades productivas e impulsar as\u00ed el desarrollo econ\u00f3mico; tambi\u00e9n gracias a la Triple A y a la Fundaci\u00f3n Santo Domingo 50 mujeres recicladoras iniciaron sus propios negocios, mejorando as\u00ed su calidad de vida.<\/p>\n<p>Hoy, en 2026, el emprendimiento no es solo lo podemos relacionar con el \u00e1mbito comercial, tambi\u00e9n es una actividad que genera un gran impacto social, mediante empleos, mejorando la calidad de vida y aportando al crecimiento y desarrollo de la ciudad. Esta herramienta nos permite crear oportunidades donde solo parec\u00eda que hab\u00eda limitaciones. Cada idea de negocio, cada emprendimiento, cada coraz\u00f3n y cada persona con ganas de salir adelante no solo generar\u00e1 en su momento una fuente de ingresos, es una semilla de transformaci\u00f3n de realidades.<\/p>\n<p>Como joven l\u00edder con sue\u00f1os y con ganas de comerme el mundo, he aprendido que la transformaci\u00f3n social no siempre empieza con grandes cambios o recursos. Como seres humanos no dimensionamos que esto empieza con algo m\u00e1s simple como lo es el creer en nuestro potencial.<\/p>\n<p>Todo me ha llevado a confirmar que no solo las ideas y oportunidades son el motor del cambio, realmente somos nosotros mismos los que nos encargamos de convertir nuestros sue\u00f1os en oportunidades para crecer y para que otros crezcan a nuestro lado.<\/p>\n<p>Indiscutiblemente el emprendimiento cambia y ha cambiado muchas vidas, pero cuando este nace desde el prop\u00f3sito, desde el sentir, es capaz de transformar comunidades enteras. Con esta herramienta no solo estamos creando una empresa, creamos oportunidades, generamos crecimiento, construimos identidad y principalmente, transformamos realidades.<\/p>\n<p><strong>Literature<\/strong><\/p>\n<p>https:\/\/ecosistemala.cl\/ejemplo-1-2\/<\/p>\n<p>https:\/\/www.fundacionwwbcolombia.org\/fundacion-en-medios-post\/el-emprendimiento-como-motor-de-desarrollo-historias-de-exito-de-la-fundacion-wwb-colombia\/<\/p>\n<p>https:\/\/eventos.uam.es\/80082\/detail\/el-emprendimiento-social-un-motor-de-transformacion-social.html<\/p>\n<p>https:\/\/zonacero.com\/generales\/barranquilla-ciudad-de-innovacion-vistazo-la-transformacion-del-adn-economico-y<\/p>\n<p>https:\/\/files01.core.ac.uk\/download\/pdf\/188641305.pdf#:~:text=Seg%C3%BAn%20Drucker%20(1985)%2C%20el%20emprendimiento%20es%20%E2%80%9Cel,que%20se%20ha%20hecho%20ya%20otras%20veces.<\/p>\n<p>https:\/\/www.redalyc.org\/pdf\/4762\/476248849007.pdf#:~:text=El%20conocimiento%2C%20dec%C3%ADa%20Drucker%2C%20se%20ha%20convertido,bruto%20de%20la%20econom%C3%ADa%20mundial%20(Wikipedia%2C%202008).<\/p>\n<p>https:\/\/www.bbva.com\/es\/innovacion\/como-llegar-a-ser-un-emprendedor-de-alto-impacto\/<\/p>\n<p>https:\/\/www.eltiempo.com\/colombia\/barranquilla\/alejandro-rodriguez-de-vendedor-de-empanadas-a-propietario-de-panaderias-692006<\/p>\n<p>https:\/\/www.grupoargos.com\/noticias\/20-emprendimientos-de-mujeres-en-barranquilla-inician-proceso-de-formacion-para-impulsar-sus-negocios-en-el-marco-del-programa-emprender-mujer\/<\/p>\n<p>https:\/\/www.dane.gov.co\/index.php\/estadisticas-por-tema\/pobreza-y-condiciones-de-vida\/pobreza-monetaria\/pobreza-monetaria-2021<\/p>\n<p>https:\/\/barranquilla.gov.co\/gerencia-de-desarrollo-social\/nuestros-proyectos#:~:text=Ecoraz\u00f3n,alimentaria%20de%20las%20poblaciones%20vulnerables.<\/p>\n<p>https:\/\/fondomujer.gov.co\/mujeres-emprendedoras-del-caribe-llevan-su-sabor-cultura-y-sostenibilidad-a-sabor-barranquilla-2025\/#:~:text=Finalmente%2C%20Negocios%20Verdes%20del%20Atl\u00e1ntico,experiencias%20ecotur\u00edsticas%20y%20educaci\u00f3n%20ambiental.<\/p>","protected":false},"author":168,"featured_media":0,"comment_status":"open","ping_status":"closed","template":"","meta":{"inline_featured_image":false,"imagen_principal_b":"http:\/\/juventudes.mx\/wp-content\/uploads\/jet-engine-forms\/27\/2026\/03\/IMG_0882_Original-scaled.jpeg"},"categories":[37],"tags":[],"class_list":["post-6687","jovenes-en-el-mundo","type-jovenes-en-el-mundo","status-publish","hentry","category-empleo-y-economia"],"_links":{"self":[{"href":"https:\/\/juventudes.mx\/en\/wp-json\/wp\/v2\/jovenes-en-el-mundo\/6687","targetHints":{"allow":["GET"]}}],"collection":[{"href":"https:\/\/juventudes.mx\/en\/wp-json\/wp\/v2\/jovenes-en-el-mundo"}],"about":[{"href":"https:\/\/juventudes.mx\/en\/wp-json\/wp\/v2\/types\/jovenes-en-el-mundo"}],"author":[{"embeddable":true,"href":"https:\/\/juventudes.mx\/en\/wp-json\/wp\/v2\/users\/168"}],"replies":[{"embeddable":true,"href":"https:\/\/juventudes.mx\/en\/wp-json\/wp\/v2\/comments?post=6687"}],"wp:attachment":[{"href":"https:\/\/juventudes.mx\/en\/wp-json\/wp\/v2\/media?parent=6687"}],"wp:term":[{"taxonomy":"category","embeddable":true,"href":"https:\/\/juventudes.mx\/en\/wp-json\/wp\/v2\/categories?post=6687"},{"taxonomy":"post_tag","embeddable":true,"href":"https:\/\/juventudes.mx\/en\/wp-json\/wp\/v2\/tags?post=6687"}],"curies":[{"name":"wp","href":"https:\/\/api.w.org\/{rel}","templated":true}]}}

El Emprendimiento como motor de Transformación Social en Barranquilla

<p style="text-align: right"><strong>Por: Witney I. Bowie Patron</strong></p>
<p style="text-align: right"><strong>Miembro del Grupo Asesor de Jóvenes</strong><br /><strong>GOYN Barranquilla</strong></p>
<p>A eso del 2020 cuando escuchaba la palabra ‘emprendimiento’, tenía tantas ideas, pero todas me llevaban a relacionarlo con grandes empresarios, riqueza y éxito, lo llegué a ver como algo de difícil acceso; en ese momento no dimensionaba que esa palabra podía ser más de lo que imaginaba e incluso de lo que conocía.</p>
<p>En los últimos años el concepto de ‘emprendimiento’ ha tomado gran fuerza, siendo tema de interés en conversaciones tanto públicas como privadas, pero para mí, parece que fue ayer que lo escuché por primera vez de manera formal en la primera clase de mi carrera de Administración de Empresas.</p>
<p>Puede sonar un poco irónico decir que en ese momento no tenía claro el concepto, sabiendo que estaba escogiendo una carrera donde ese es un foco, sin embargo, en ese momento no imaginaba que esa palabra que parecía ser tan simple de explicar en clase llegaría a ser un motor de transformación en diferentes ámbitos, pero principalmente, un motor de transformación social.</p>
<p>Sumergirse en el mundo del emprendimiento no es tan fácil como parece, no podemos hablar de algo que aún no entendemos. Me tomó mucho tiempo entender el arte de emprender y cómo este ejercicio estaba presente en la vida del ser humano desde sus inicios con modalidades como el trueque, es decir, que es una modalidad intrínseca a nuestra naturaleza porque siempre hemos sentido la necesidad de generar nuevas oportunidades.</p>
<p>Me guío mucho del pensamiento de lo cambiante e innovador que puede llegar a ser el ser humano, estas características nos han permitido avanzar en modalidades que van desde el comercio antiguo, hasta lo que conocemos en la actualidad. A pesar de lo anterior, el concepto no fue tan claro para muchos y considero que ni siquiera para mí que he tratado de estudiarlo por mucho tiempo, es que precisamente el cambio y las ganas de no quedarnos en un solo punto nos permite seguir conociendo cosas acerca del ejercicio de emprender; he tenido la oportunidad de leer y apropiarme de diferentes conceptos, no obstante, existe uno en específico que considero que nos ayuda a construir una percepción clara muy relacionada con lo que podemos observar en la actualidad.</p>
<p>Peter Drucker, en mis palabras puedo decir que fue un ser humano con una capacidad extraordinaria de transformar; creía en las oportunidades, en el aprendizaje continuo y sobre todo, en la humanidad. Él sabía que el ser humano tenía un gran potencial, por eso sus pensamientos se centraban en que era este, el activo más valioso de cualquier organización. Drucker fue clave para la construcción de muchos conceptos acerca de la administración y uno de ellos es el emprendimiento; según su percepción establecida en 1985, el emprendimiento es una herramienta, sí, como de construcción, porque es justo esta actividad la que nos permite construir oportunidades donde tal vez creemos que no existen. Peter Drucker nos compartió que el emprendimiento era más que la creación de empresas, es un proceso donde el ser humano es capaz de generar cambios, combinaciones únicas que por supuesto, le otorgan un beneficio.</p>
<p>Durante los últimos años he llegado a la conclusión de que tenemos dos formas de entender el ejercicio de emprender: investigando y conociéndolo. Esta última ha sido mi favorita e indudablemente, la que ha sido capaz de enseñarme a ver esta actividad más allá de la generación de ingresos, sino cómo un motor transformador de realidades, iniciando en primera instancia, por mi realidad, la que vivo día a día en mi ciudad.</p>
<p>Soy orgullosamente Barranquillera de nacimiento, de esos rinconcitos de Colombia donde sientes felicidad infinita, donde la alegría hace parte de cada persona, donde el cielo es de los más despejados y soleados que vas a conocer. Soy fiel creyente de esa frase “Barranquilla, quien no te conoce te sueña y quien te conoce no te olvida”, aquí nací y he crecido y ha sido precisamente este lugar el que me ha permitido aprender todos los días más. No podía hablar de emprendimiento en el mundo o a nivel general si no sabía cómo explicar cómo este se daba en mi ciudad, es por ello, que durante los últimos años me centré mucho en conocer y reconocer la importancia de ese concepto que en su momento parecía ser el más simple de entender de mi carrera.</p>
<p>En Barranquilla, también conocida como la Puerta de Oro de Colombia, confirmé que el emprendimiento no es solo generar dinero o tener tu propia empresa; aquí emprender es sinónimo de resistencia, es transformar. Para el 2021, 5 años atrás, según el DANE, más del 30% de la población de la ciudad y su área metropolitana consumía menos de 3 comidas diarias; la pobreza seguía afectando a la ciudad y los índices crecían, a pesar de los continuos intentos por la superación de este fenómeno multicausal. La pobreza específicamente en nuestro contexto geográfico puede verse como un factor limitante del desarrollo de aspectos económicos, políticos o sociales y por supuesto, condicionante de consecuencias como violencia, hurto, desnutrición y demás.</p>
<p>Este fenómeno puede ser un impulso para generar recursos propios mediante el emprender, por lo que durante los últimos años he podido conocer historias donde el emprendimiento que nace en un barrio vulnerable, en una casa o en un colegio no es solo un negocio que genera dinero, es una oportunidad de transformación social.</p>
<p>Más allá de las cifras que se pueden generar, detrás de ellas hay una persona, hay una oportunidad y hay una historia. En la ciudad hay una gran cantidad de casos de éxito, tuve la oportunidad de, en algún momento, conocer la de Alejandro Rodríguez; él inició vendiendo empanadas en la calle y hoy es dueño de ´La Garosa´, un lugar donde sientes ese sabor de la costa en cada producto. Se han caracterizado por la venta de buñuelos rellenos, un milo con un sabor único y fritos típicos de la ciudad, estoy segura de que el Alejandro de 17 años que empezó con una receta de empanadas, no pensó que años después tendría una franquicia que llevaría por diferentes rincones de la ciudad y así, siendo referente de reactivación económica y social, generando más de 50 empleos.</p>
<p>Asimismo, tuve la oportunidad de conocer a Osmairys Ramos y entrevistarla; es una chica que vio una oportunidad de negocio en la ciudad, que desde el inicio sabía que quería generar impacto y hoy, resalta la belleza de la mujer colombiana con sus diademas hechas a mano y por mujeres, resaltando así su talento para crear piezas únicas, las cuales te acompañan a momentos de tu vida diaria como ir al trabajo, hasta momentos inolvidables como tu boda.</p>
<p>Aunque parezca que todo termina aquí, no es así; este ejercicio lo he vivido más de cerca en una comunidad vulnerable conocida como Isla Salamanca la cual junto con la ONG ‘Techo Colombia’ realizamos una feria llamada “Sabores del Río”, la cual permite dar a conocer esos emprendimientos que aportan valor y son creados base en oportunidades.</p>
<p>En muchos sectores de la ciudad el empleo formal no siempre es una opción inmediata y ante la necesidad, el emprendimiento sí puede serlo y es ahí donde observamos que cuando alguien logra crecer bajo ese contexto que es vulnerable, se rompe una narrativa y nos confirma que el origen de las cosas no determina el destino de estas.</p>
<p>Siempre he pensado que en esta parte de Colombia hay una chispa, hay ganas y sobre todo pasión; somos ese tipo de población que busca oportunidad donde tal vez no las haya (o eso pareciera). En Barranquilla el verdadero impacto ocurre cuando una madre cabeza de hogar transforma su hogar en una cocina productiva, cuando un grupo comunitario organiza ferias para visibilizar talento, aquí no solo vemos al emprendimiento como sinónimo de riqueza, lo podemos ver como una transformación social tangible.</p>
<p>Hoy día puedo decir que los jóvenes ya no solo buscan empleo, buscan impacto y lo menciono como una joven que busca conseguirlo día a día. He podido observar a universidades, colectivos y programas que impulsan espacios donde el emprender se vuelve un liderazgo social; esto lo podemos ver en iniciativas como ‘Emprende Así’ de GOYN Barranquilla, ‘Emprende Mujer’ de Grupo Argos, los programas de formación y de inversión de otras empresas, de la alcaldía y de la gobernación.</p>
<p>Esto de emprender dejó de ser un simple ejercicio, hoy día la ciudad se enfoca en empoderar a comunidades vulnerables, mujeres, hombres y jóvenes; en los últimos años se han construido programas que le aportan esa semilla al árbol de la transformación, tales como ‘Mujeres de Villa San Pablo’, un proyecto de 60 mujeres que se creó para fortalecer unidades productivas e impulsar así el desarrollo económico; también gracias a la Triple A y a la Fundación Santo Domingo 50 mujeres recicladoras iniciaron sus propios negocios, mejorando así su calidad de vida.</p>
<p>Hoy, en 2026, el emprendimiento no es solo lo podemos relacionar con el ámbito comercial, también es una actividad que genera un gran impacto social, mediante empleos, mejorando la calidad de vida y aportando al crecimiento y desarrollo de la ciudad. Esta herramienta nos permite crear oportunidades donde solo parecía que había limitaciones. Cada idea de negocio, cada emprendimiento, cada corazón y cada persona con ganas de salir adelante no solo generará en su momento una fuente de ingresos, es una semilla de transformación de realidades.</p>
<p>Como joven líder con sueños y con ganas de comerme el mundo, he aprendido que la transformación social no siempre empieza con grandes cambios o recursos. Como seres humanos no dimensionamos que esto empieza con algo más simple como lo es el creer en nuestro potencial.</p>
<p>Todo me ha llevado a confirmar que no solo las ideas y oportunidades son el motor del cambio, realmente somos nosotros mismos los que nos encargamos de convertir nuestros sueños en oportunidades para crecer y para que otros crezcan a nuestro lado.</p>
<p>Indiscutiblemente el emprendimiento cambia y ha cambiado muchas vidas, pero cuando este nace desde el propósito, desde el sentir, es capaz de transformar comunidades enteras. Con esta herramienta no solo estamos creando una empresa, creamos oportunidades, generamos crecimiento, construimos identidad y principalmente, transformamos realidades.</p>
<p><strong>Literature</strong></p>
<p>https://ecosistemala.cl/ejemplo-1-2/</p>
<p>https://www.fundacionwwbcolombia.org/fundacion-en-medios-post/el-emprendimiento-como-motor-de-desarrollo-historias-de-exito-de-la-fundacion-wwb-colombia/</p>
<p>https://eventos.uam.es/80082/detail/el-emprendimiento-social-un-motor-de-transformacion-social.html</p>
<p>https://zonacero.com/generales/barranquilla-ciudad-de-innovacion-vistazo-la-transformacion-del-adn-economico-y</p>
<p>https://files01.core.ac.uk/download/pdf/188641305.pdf#:~:text=Seg%C3%BAn%20Drucker%20(1985)%2C%20el%20emprendimiento%20es%20%E2%80%9Cel,que%20se%20ha%20hecho%20ya%20otras%20veces.</p>
<p>https://www.redalyc.org/pdf/4762/476248849007.pdf#:~:text=El%20conocimiento%2C%20dec%C3%ADa%20Drucker%2C%20se%20ha%20convertido,bruto%20de%20la%20econom%C3%ADa%20mundial%20(Wikipedia%2C%202008).</p>
<p>https://www.bbva.com/es/innovacion/como-llegar-a-ser-un-emprendedor-de-alto-impacto/</p>
<p>https://www.eltiempo.com/colombia/barranquilla/alejandro-rodriguez-de-vendedor-de-empanadas-a-propietario-de-panaderias-692006</p>
<p>https://www.grupoargos.com/noticias/20-emprendimientos-de-mujeres-en-barranquilla-inician-proceso-de-formacion-para-impulsar-sus-negocios-en-el-marco-del-programa-emprender-mujer/</p>
<p>https://www.dane.gov.co/index.php/estadisticas-por-tema/pobreza-y-condiciones-de-vida/pobreza-monetaria/pobreza-monetaria-2021</p>
<p>https://barranquilla.gov.co/gerencia-de-desarrollo-social/nuestros-proyectos#:~:text=Ecorazón,alimentaria%20de%20las%20poblaciones%20vulnerables.</p>
<p>https://fondomujer.gov.co/mujeres-emprendedoras-del-caribe-llevan-su-sabor-cultura-y-sostenibilidad-a-sabor-barranquilla-2025/#:~:text=Finalmente%2C%20Negocios%20Verdes%20del%20Atlántico,experiencias%20ecoturísticas%20y%20educación%20ambiental.</p>
